4*s = -4*y + 1012. List the prime factors of s.
2
Let y be (-194)/(-22) + 4/22. What are the prime factors of (-6)/y*(-39)/2?
13
Suppose 3*x = 2*x - 6. Let r = x - -12. What are the prime factors of 1*2/r*9?
3
Let q(c) = -c**3 - 12*c**2 - 16*c - 12. What are the prime factors of q(-11)?
43
Let n(y) be the first derivative of -y**2 - 5*y - 1. Suppose 4*t + 20 = -t. What are the prime factors of n(t)?
3
Let t be (-2)/(-3 - (-13)/5). Suppose 5*k + 15 = 0, t*v + 2*k + 6 = 4*v. Let l = v + 11. List the prime factors of l.
11
Suppose -14*h - 1112 = -18*h. What are the prime factors of h?
2, 139
Suppose 4*i = -3*c - 2*c + 161, -2*i - 5*c + 73 = 0. What are the prime factors of i?
2, 11
Suppose 3*b = -0*t - 3*t + 171, -214 = -4*b + 3*t. Suppose -4*w - h = -55, -3*w + 3*h = -b - 5. List the prime factors of w.
3, 5
Let f be (3*-2)/3 - -19. Suppose -f = -3*p + 7. Suppose -4*s - p = -3*s + 5*d, -3*s - 2*d + 2 = 0. What are the prime factors of s?
2
Let a be 1/(2 + (-14)/6). Let f be -2 + 20 - a/(-3). Let z = -6 + f. What are the prime factors of z?
11
Suppose -5*i = -5*d + 570, -5*d - 4*i - 115 = -676. List the prime factors of d.
113
List the prime factors of ((-176)/(-110))/((-2)/(-160)).
2
Suppose 2*z = 2*n - 3*n + 8, -3*n + z = 11. Let u be n/(-5) - 63/(-5). Suppose 3*f - 23 - u = 0. What are the prime factors of f?
2, 3
Suppose -6*a = -a + 15. Let p(u) = -11*u - 2. List the prime factors of p(a).
31
Let y = -1 - -44. What are the prime factors of y?
43
Let p = -3 - -15. Let g = -6 - -10. Suppose -g*s + 36 = p. List the prime factors of s.
2, 3
Let y(l) = -l**3 - 6*l**2 - 8*l - 7. Let c = 3 - 8. List the prime factors of y(c).
2
Let k = -11 - -5. Let c be (-3)/(k/4) + 7. What are the prime factors of (-2)/c + 29/9?
3
Let u = 10 - 6. Let g = u - 2. List the prime factors of 1*(g/2 - -6).
7
Let a = 12 + -1. List the prime factors of a.
11
Let w = -9 - 13. Let c = w + 36. List the prime factors of c.
2, 7
List the prime factors of (-3)/(-6)*(-2 + 42).
2, 5
Let l(b) = -2*b + 9. List the prime factors of l(-6).
3, 7
Let y = -164 - -329. What are the prime factors of y?
3, 5, 11
Suppose -i + r = -3*r - 237, 0 = -2*i - 5*r + 435. What are the prime factors of i?
3, 5
Let q be (3 + 1)*(2 - 1). Suppose -5*v + q*v = -1, -4*v = -p + 41. Suppose 6 = 3*h - p. What are the prime factors of h?
17
Let u = -17 + 14. Let q(i) = i**2 + 2. What are the prime factors of q(u)?
11
Let h(b) = b**2 + 5*b + 3. Let a be h(-5). Let y be -5*-1*a/3. Suppose -y*j + 22 = -23. What are the prime factors of j?
3
Let p(n) = n + 10. Let c be p(-6). Let z be (0 + 0)/(2/(-2)). Suppose 0*y = -k - 2*y + 21, z = -4*k + c*y + 24. What are the prime factors of k?
11
Suppose 400 + 968 = 6*z. What are the prime factors of z?
2, 3, 19
Let d(w) = w**3 + w**2 + w + 38. What are the prime factors of d(0)?
2, 19
Let t = 44 + -3. What are the prime factors of t?
41
Suppose 25 = 3*l - 149. What are the prime factors of l?
2, 29
Let t(o) = 7*o - 4 - 2*o + 1 + 3*o**2 - o**3. Let d(n) = n**2 + 3. Let j be d(0). List the prime factors of t(j).
2, 3
Let h(w) = -w**3 + w**2 + w + 1. Let u be h(0). Let i be 65/(-10)*2*u. Let o = -3 - i. What are the prime factors of o?
2, 5
Let f(r) = 5*r**2 - 13*r - 2. Let u(p) = p**2 - p - 1. Let w(y) = f(y) - 4*u(y). List the prime factors of w(10).
2, 3
Suppose 3*h + x + 37 = 11, -4*h - 48 = 4*x. Let k be (-2)/h + (-61)/(-7). List the prime factors of (-1)/((-1)/k + 0).
3
Suppose -2*l - l - 5*q + 104 = 0, -3*l + 5*q = -94. What are the prime factors of l?
3, 11
Let f be (-3)/2*(-24)/(-18). Let n be f - 0 - 74/(-2). Let z = n + -21. List the prime factors of z.
2, 7
Suppose 1338 = 9*r - 426. List the prime factors of r.
2, 7
Suppose -3*k = -5*n + 20, 0*k + 4*n - 16 = 2*k. Suppose k = -12*g + 9*g + 48. List the prime factors of g.
2
Let i be (-3 + -1)/(-3 - -1). List the prime factors of i + 0*3/12.
2
Let n = 3 - 11. Let y = n - -23. Suppose p + 5*v - 12 = 0, 4*v - y - 17 = -4*p. List the prime factors of p.
7
Suppose -5 = -n - 0. Suppose -2*m + 38 + 70 = 0. Suppose 5*o - 45 = -n*f, 0*f - 2*f + m = 5*o. What are the prime factors of o?
2, 3
Let a(j) = j**2 - 5*j + 4. Let d be a(4). Suppose 0 = -d*m - 5*m + 35. Let s = 8 + m. List the prime factors of s.
3, 5
Suppose 0*z - 3 = -z, 391 = 4*x - 3*z. What are the prime factors of x?
2, 5
Suppose -2*z - 11 - 11 = 5*j, j - z = -10. Let l(p) = -2*p - 6. Let d(y) = -3*y - 9. Let m(r) = 5*d(r) - 7*l(r). List the prime factors of m(j).
3
Suppose -2*z + 115 = -y, -3*y + 91 - 37 = z. What are the prime factors of z?
3, 19
Let v(i) = -2*i**3 + 2*i - 1. Let y be v(1). What are the prime factors of 1/(y/(-12)) - -1?
13
Let w(f) = f**3 + 2*f**2 + f - 4. Let u be w(-3). Suppose 2*n + 35 = -n + 2*a, 5*a = 2*n + 38. Let t = n - u. What are the prime factors of t?
7
Suppose -445 = -4*s + 207. List the prime factors of s.
163
Let p = 9 + -18. Let o(i) be the second derivative of -i**5/20 - 2*i**4/3 + 3*i**3/2 + 11*i**2/2 + 5*i. List the prime factors of o(p).
11
What are the prime factors of (-3)/(3/2) + 2 + 50?
2, 5
Let m(h) = 1. Let l(n) = n - 2. Let d(a) = l(a) + m(a). Let v be d(6). What are the prime factors of 2/(-10) - (-41)/v?
2
Suppose 10 + 10 = 2*l. What are the prime factors of l/35 + (-141)/(-21)?
7
What are the prime factors of ((-3)/9)/((-1)/84)?
2, 7
Let l = 7 + -7. Suppose -j + 2 - 4 = l. What are the prime factors of (-2)/(j/(-9))*-1?
3
Let q = -3 + 8. Suppose -x = -0*u - q*u - 2, -2*u + 8 = 0. What are the prime factors of x?
2, 11
Suppose 2*h - 3*z - 2*z - 5 = 0, 0 = 2*h + z + 25. Let w = -7 - h. Suppose -w*v = v - 8. What are the prime factors of v?
2
Suppose 0 = 4*y - 3*y, 0 = 5*t - 4*y. Suppose 44 = 5*p - t*v + 2*v, p - 2 = 3*v. Let h = 1 + p. List the prime factors of h.
3
Suppose 35 = r + 4*r - 3*p, 4*p = 4*r - 36. Let c = r + 0. What are the prime factors of c?
2
What are the prime factors of 103 - (2 + -4 - -4)?
101
Suppose 5*f = 2*v + 420, 2*v + v + 179 = 2*f. List the prime factors of f.
2, 41
Suppose 2 = -3*b + 5. Suppose 5*y + 4*q = -2 + 74, -4*y = -3*q - 70. Let x = b + y. List the prime factors of x.
17
Let b(r) = -r + 1. Let o be b(-3). Let v = o - -9. List the prime factors of v.
13
Let x(h) = 2*h**2 - 3*h - 3. Let m be x(3). Suppose m*a = a - 5*k + 30, -2*k = 0. Let q(c) = c + 5. What are the prime factors of q(a)?
11
Let l(b) = 4*b - 3. Let d(u) = -u + 1. Let a(p) = -3*d(p) - l(p). Let r = 6 - 10. What are the prime factors of a(r)?
2
Let f(w) = -w**3 + 3*w**2 - 4*w + 2. Let p be f(2). Let s be (p/(-3))/(1/3). Suppose s*x - 18 = -0*x. List the prime factors of x.
3
Let z be ((-7)/(-1) + 1)/2. Suppose g - 2*g - z*h = -5, 3*g - 4*h - 15 = 0. List the prime factors of g.
5
Let h(m) = -45*m - 10. List the prime factors of h(-3).
5
Let c = -16 + 104. What are the prime factors of c?
2, 11
Let g = -5 - -7. Let k(q) = -2*q + q - 8*q**3 + g*q. List the prime factors of k(-1).
7
Let j(t) = t**3 - 8*t**2 + t + 17. What are the prime factors of j(9)?
107
Suppose 77 - 1 = 2*z. Let x = 57 - z. List the prime factors of x.
19
Let h = 30 + 1. Suppose 0 = 2*r - h - 33. What are the prime factors of r?
2
Let t be -1 + 7 - (-3)/(-3). Suppose -t*a - 28 = -3*s - 10, 4*s = -5*a - 11. List the prime factors of 1/(-3*s/(-21)).
7
Let a be (1 + -1 + 1)*-9. Let o(p) = p**2 + 7*p - 7. What are the prime factors of o(a)?
11
Let a(c) = -3*c - 8. Let v be a(-6). Let o = 13 - v. List the prime factors of o.
3
Let h = 91 + -68. What are the prime factors of h?
23
Suppose -4*l = -l. Suppose l = -5*u + 2*w + 62, 3*u + w - 37 = 2*w. What are the prime factors of u?
2, 3
Let j(w) = w**3 - 6*w**2 - 6*w - 5. Let i be j(8). Let t = -49 + i. What are the prime factors of t?
2, 13
Suppose -a = 3*b + a + 20, -2*a - 8 = b. Let r = 8 + b. Suppose r*d - 3*d = -15. What are the prime factors of d?
3, 5
Let n(j) = 8*j - 9. Let x = -2 + 8. Let r be n(x). Let h = r + -27. List the prime factors of h.
2, 3
Let y = -33 + 87. Suppose 4*v = 2*v + y. Let m = v + -19. List the prime factors of m.
2
Let j be 25 - ((-2 - 0) + 0). Suppose -n + j = 2*n. What are the prime factors of n?
3
Suppose -2*n + m = -38, 2*m - 4*m = n - 24. What are the prime factors of (-3)/(-6)*1*n?
2, 5
List the prime factors of (-10)/(-3)*195/10.
5, 13
Let t be 0/7 - 7*-14. Let r = -